 105 = 0, -5*s - r*d + 231 = -4*d. What are the prime factors of s?
3, 5
Suppose 3*d - 106 + 1 = 0. List the prime factors of d.
5, 7
Suppose 0 = -2*n + n + 5. Suppose -6 = m + n*z + 8, 5*z + 69 = 4*m. Suppose -3 = -l + m. List the prime factors of l.
2, 7
Let o(r) = 33*r**2 - r. What are the prime factors of o(-1)?
2, 17
Let g = 9 + -3. Suppose -x + g = x. Let v = -1 + x. List the prime factors of v.
2
Let c(u) = 0*u**2 + 4*u**2 + u**3 - 2*u**2 - 4*u**2. List the prime factors of c(3).
3
Suppose -4*k + x - 8 = -0*x, 23 = -k - 5*x. Let b = k - -9. Suppose 8 = b*y - 2*y. List the prime factors of y.
2
Let u(q) be the third derivative of -q**2 - 1/60*q**5 + 0*q - 2*q**3 + 11/24*q**4 + 0. What are the prime factors of u(8)?
2, 3
Let w be 1/(-3) + (-56)/(-6). Let g(m) = 5*m + 4. Let n be g(w). Let z = n - 33. List the prime factors of z.
2
Suppose -8 = -2*h - 2*h. Suppose h*g + 5*i - i = 56, 0 = 2*g + 2*i - 56. What are the prime factors of g?
2, 7
Suppose 0*j - 10 = -2*j. Suppose 0*w - 4*d - 2 = 2*w, -w = -d - j. Suppose -w*h + 9 = h + n, n = -h. List the prime factors of h.
3
Let w(j) = 4*j**3 - 4*j**2 + 5*j + 4. Let q be w(4). Suppose 4*z = -2*z + q. List the prime factors of z.
2, 3
Let z(t) = -t**2 - 10*t - 6. Let a = -3 - -4. Let n be (-3)/(9/24) - a. List the prime factors of z(n).
3
Let g be 68/7 + (-2)/(-7). Suppose r = -r + g. List the prime factors of r.
5
Suppose -5 = -4*n + 19. List the prime factors of n*8/6*2.
2
Let o = 36 - -7. What are the prime factors of o?
43
Suppose 12*w = 5*w - 126. Suppose 4*b + 7 = -9. What are the prime factors of (-222)/w - b/6?
13
Let n(t) = -4*t + 29. What are the prime factors of n(-7)?
3, 19
Suppose 0*k - 4*y = -2*k - 8, -4 = -y. Suppose -3*d + d = -k. What are the prime factors of d?
2
Let q(v) = 2*v + 1. Let d be q(-1). Let i = d + 29. List the prime factors of i.
2, 7
Let o(p) = 2*p**2 + 3*p - 1. Let h be o(-3). Let m = h + -3. What are the prime factors of m?
5
Suppose 0*a = 5*a - 145. Suppose 0 = -5*q + 36 + a. List the prime factors of q.
13
Let t = -3 + 17. Suppose -t = -2*x - 2*o, -4*x + 10 = -3*o + 3. Let m = x - -1. What are the prime factors of m?
5
List the prime factors of (-4)/10 - 134/(-10).
13
Suppose 0 = n - 2*n. Let k(a) = -a + 3. Let i be k(n). Suppose -4*y + 2 = -i*y, 2*v - 28 = -4*y. List the prime factors of v.
2, 5
Suppose 0 = -3*x - 3*g - g + 62, -x - g + 19 = 0. Suppose p + 23 = -2*t + 7*t, -5*t + x = 2*p. Let l(i) = -i**2 - 5*i - 4. What are the prime factors of l(p)?
2
Suppose 0 = 5*f + 3*g - 5 + 2, 4 = -4*f - 4*g. Suppose -13 = -f*v - 4. Suppose v*d = -3*q + q + 31, -4*q + 47 = d. List the prime factors of q.
11
Let z = 18 + 18. What are the prime factors of z?
2, 3
Let n = 25 + 6. Suppose 5*g + 75 + n = 3*t, 3*t - 90 = -3*g. What are the prime factors of t?
2
Let k(p) = -5*p**3 - p**2 + 1. Let c be k(-1). Suppose 5 = c*d - 5. Suppose 0 = d*x - 19 - 17. What are the prime factors of x?
2, 3
Let w be ((-54)/(-4))/(3/(-6)). List the prime factors of (-174)/(-4)*(-18)/w.
29
Let u(a) = -4*a**2 + 2*a + a**3 + 2 + 3 + a**3. List the prime factors of u(3).
29
Let b(a) = 5*a + 61. What are the prime factors of b(18)?
151
Let a(n) = -5*n - 34. List the prime factors of a(-17).
3, 17
Suppose 10 = -2*d + 4*k, 3*k = -d - 0*d + 15. Let l be 6/2 - (2 - 3). Suppose d*x - l = 11. List the prime factors of x.
5
Let o = -31 - -39. What are the prime factors of o?
2
Suppose -2*l = 4*p - 42, -p - 6 = -3*p. Suppose 0 = 3*z - l - 3. What are the prime factors of z?
2, 3
Let u(a) = -8*a + 19. List the prime factors of u(-13).
3, 41
Let a(x) = 39*x + 1. Let s be a(1). Let n = 74 + -74. Suppose n*c = -5*c + s. What are the prime factors of c?
2
Suppose p = -0*p - 1. Let o be (2/(-5))/((-3)/(-15)). List the prime factors of (p - -2) + 4 + o.
3
Let p(z) = -z**3 - 7*z**2 + 6*z - 5. Suppose 3*w - 5*l = -0 - 9, 0 = -4*w + l - 29. List the prime factors of p(w).
11
Suppose -2*s + 4*j - 2*j + 8 = 0, j = -s. Suppose -2*x = 4*d - 3*x - 48, 0 = -3*d + s*x + 31. List the prime factors of d.
13
Suppose 4*n - 24 = 68. Suppose 5*p = 5*s - 25, 4*p + 19 = 5*s + 2. Let v = p + n. What are the prime factors of v?
3, 5
Let u = 273 - 174. What are the prime factors of u?
3, 11
Let g be 24/(-10) - (-6)/15. Let x = g + 12. What are the prime factors of x?
2, 5
Let q be 6 - 5 - 40/(-2). Suppose 3*n = -4*z + 52, -q = -4*z - 5. List the prime factors of n.
2, 3
Suppose -3*h - 2*k + 2 = 0, -2*k + 3*k - 1 = 3*h. Suppose 3*g = -h*q - 2*q - 28, -2*g = -4*q - 8. What are the prime factors of (-2)/g*7*3?
7
Let a = 86 + 168. What are the prime factors of a?
2, 127
Suppose 2*z - z = -2*h + 214, 25 = -5*h. What are the prime factors of z?
2, 7
Let s(n) = n**2 - 11*n. Let v be s(10). Let o be 242/14 + (-2)/7. Let q = o + v. List the prime factors of q.
7
Suppose -4*o + 3*k + 55 = -0*k, -2*k - 60 = -5*o. Let y(g) = g**2 + 1. Let u be y(5). Suppose -5*f = w - 24 - o, -4*w + u = -2*f. List the prime factors of w.
3
Suppose -330 = w - 7*w. What are the prime factors of (w/15)/((-2)/(-6))?
11
Let d = 13 - -40. What are the prime factors of d?
53
Let f be (-80)/(-14) + (-2)/(-7). Suppose 8*z = -5*z + 104. What are the prime factors of f/2 + -3 + z?
2
Suppose -2 = -5*s - 2*t - 21, -2*s - 22 = -4*t. List the prime factors of (-2)/10 - 71/s.
2, 7
Suppose 2*z - 267 = -z. List the prime factors of z.
89
Let j = 5 + 25. List the prime factors of j.
2, 3, 5
Let z be (3 - -2)*(-52)/5. What are the prime factors of (-6)/39 - 1100/z?
3, 7
Let d(o) = 3*o - 3. Suppose -2*w + 0 + 6 = 0. Suppose 2 = 2*b - j - w*j, -10 = -5*j. What are the prime factors of d(b)?
2, 3
Let i(g) = g**3 + 5*g**2 - 6*g + 8. Let n be i(-6). What are the prime factors of (68/6)/(n/12)?
17
Suppose -3*i - 12 = -4*i. List the prime factors of i.
2, 3
List the prime factors of 4/(-18) - (4 - 2975/63).
43
Let x be 2 + 0/(1*-2). Let t be 1/x - 2/4. Suppose 4*i + i - 60 = t. What are the prime factors of i?
2, 3
Let d be (-121)/(-4)*8/(-2). Let v = -86 - d. What are the prime factors of v?
5, 7
Let d(t) = -11*t - 21. Let r(a) = 5*a + 10. Let c(l) = -6*d(l) - 13*r(l). Let y be c(4). Suppose y = -5*x + 3*x + 14. What are the prime factors of x?
7
Suppose -2*a - 3*a = 50. Let s = a - -15. List the prime factors of s.
5
Suppose -2*n + 205 = -o, -n + 32 = -3*o - 63. Suppose 0 = 4*d + 2*g - 120 - 14, -2*g - n = -3*d. What are the prime factors of d?
2, 17
Let x be 2*1 - 5/(-5). Suppose -4*c + x*f + 26 = 0, -f + 2*f = -4*c + 18. Suppose c*m = 2*m + 12. What are the prime factors of m?
2
Let u(i) = i**2 - 2*i - 1. Let p be u(-1). Suppose k - 3 = -1. Suppose 3*f = -4*s + 9, -p*s = -k*f - 0*f - 22. What are the prime factors of s?
2, 3
Let b = -6 - -10. Suppose 4*f - 5*i = -15, 5*f - b*i = -14 + 2. Let v(r) = r + 12. What are the prime factors of v(f)?
2, 3
Suppose 0 = 2*k + 81 - 237. Let d be 2/3*k/4. Suppose q + q = -f + d, q + 5*f - 29 = 0. List the prime factors of q.
2
Let s = -193 - -423. What are the prime factors of s?
2, 5, 23
Let n = -28 - -48. Suppose 4*b = -b + n. Suppose 0 = -o - b*z + 17, z = 5*o + 3*z - 67. What are the prime factors of o?
13
Let q = 114 + -73. What are the prime factors of q?
41
Let r be 2*(-1)/(6/(-9)). Let x(i) = r*i + 0 - 1 - 4. What are the prime factors of x(4)?
7
Let g(d) = -d**3 - 6*d - 4. Let n(x) = -2*x**3 - x**2 - 13*x - 9. Let w(h) = -9*g(h) + 4*n(h). What are the prime factors of w(5)?
5, 7
List the prime factors of (-2)/(-4)*(118 + 12).
5, 13
Let j(x) = 36*x**3 - 3*x**2 - 2. List the prime factors of j(2).
2, 137
Suppose -o = 2*o - 18. List the prime factors of o.
2, 3
Let w be -6 + -2*(-3)/2. What are the prime factors of 232/24 + 2/w?
3
Suppose 19 = f + 13. List the prime factors of f.
2, 3
Let h(v) = 7*v**2 + 6*v + 7. List the prime factors of h(-3).
2, 13
Suppose -52 = -7*w + 3*w. What are the prime factors of (-2545)/(-65) + (-2)/w?
3, 13
Let y(m) = m**2 + 3*m + 2. Suppose g = -3*g - 2*f - 6, 5*f - 5 = 0. Let i be y(g). What are the prime factors of i/(-1 - 2) + 9?
3
Let j(f) = 11*f + 5. Let v be (6/5)/(4/10). What are the prime factors of j(v)?
2, 19
Suppose -4*s + 36 = 4*q, 0 = -3*q - 0*s + 3*s + 27. Suppose -18 = 5*f + 3*i, 0 = 4*f + i + 7 + 13. Let y = f + q. List the prime factors of y.
3
Suppose -2*o = 5*k + 2*o - 415, -5*o + 332 = 